st the prime factors of 1747.
1747
List the prime factors of 5489.
11, 499
What are the prime factors of 5003?
5003
What are the prime factors of 2787?
3, 929
List the prime factors of 29454.
2, 3, 4909
What are the prime factors of 22405?
5, 4481
What are the prime factors of 13693?
13693
List the prime factors of 7262.
2, 3631
List the prime factors of 744.
2, 3, 31
What are the prime factors of 2511?
3, 31
List the prime factors of 7495.
5, 1499
What are the prime factors of 2784?
2, 3, 29
What are the prime factors of 61715?
5, 12343
List the prime factors of 584.
2, 73
List the prime factors of 2574.
2, 3, 11, 13
List the prime factors of 349.
349
What are the prime factors of 966?
2, 3, 7, 23
What are the prime factors of 158437?
47, 3371
List the prime factors of 59441.
59441
What are the prime factors of 10222?
2, 19, 269
What are the prime factors of 23756?
2, 5939
What are the prime factors of 803?
11, 73
What are the prime factors of 22636?
2, 5659
What are the prime factors of 125676?
2, 3, 3491
What are the prime factors of 238?
2, 7, 17
List the prime factors of 33.
3, 11
List the prime factors of 4199.
13, 17, 19
List the prime factors of 8289.
3, 307
List the prime factors of 136708.
2, 11, 13, 239
List the prime factors of 4989.
3, 1663
What are the prime factors of 29343?
3, 9781
List the prime factors of 11098.
2, 31, 179
List the prime factors of 10457.
10457
What are the prime factors of 4484?
2, 19, 59
List the prime factors of 1057.
7, 151
List the prime factors of 3567.
3, 29, 41
List the prime factors of 1324.
2, 331
List the prime factors of 4492.
2, 1123
List the prime factors of 32864.
2, 13, 79
What are the prime factors of 5809?
37, 157
What are the prime factors of 113452?
2, 113, 251
What are the prime factors of 32780?
2, 5, 11, 149
What are the prime factors of 22374?
2, 3, 11, 113
List the prime factors of 1678.
2, 839
List the prime factors of 2307.
3, 769
What are the prime factors of 48536?
2, 6067
List the prime factors of 66093.
3, 22031
List the prime factors of 851.
23, 37
What are the prime factors of 1214?
2, 607
What are the prime factors of 4529?
7, 647
What are the prime factors of 2793?
3, 7, 19
List the prime factors of 2005.
5, 401
What are the prime factors of 35269?
13, 2713
List the prime factors of 36947.
36947
List the prime factors of 26345.
5, 11, 479
What are the prime factors of 10711?
10711
What are the prime factors of 12357?
3, 1373
What are the prime factors of 15885?
3, 5, 353
List the prime factors of 718.
2, 359
List the prime factors of 765.
3, 5, 17
List the prime factors of 30898.
2, 7, 2207
What are the prime factors of 44828?
2, 7, 1601
What are the prime factors of 5800?
2, 5, 29
List the prime factors of 1007.
19, 53
What are the prime factors of 3841?
23, 167
What are the prime factors of 37172?
2, 9293
What are the prime factors of 15152?
2, 947
List the prime factors of 3444.
2, 3, 7, 41
What are the prime factors of 51818?
2, 13, 1993
List the prime factors of 379.
379
List the prime factors of 25006.
2, 12503
List the prime factors of 81225.
3, 5, 19
What are the prime factors of 2172?
2, 3, 181
What are the prime factors of 15523?
19, 43
List the prime factors of 1101.
3, 367
List the prime factors of 35763.
3, 7, 13, 131
List the prime factors of 64731.
3, 21577
What are the prime factors of 2916?
2, 3
What are the prime factors of 23698?
2, 17, 41
What are the prime factors of 24193?
13, 1861
What are the prime factors of 37624?
2, 4703
List the prime factors of 7115.
5, 1423
What are the prime factors of 346?
2, 173
What are the prime factors of 7547?
7547
What are the prime factors of 33453?
3, 7, 59
List the prime factors of 48114.
2, 3, 11
List the prime factors of 1344.
2, 3, 7
What are the prime factors of 30550?
2, 5, 13, 47
What are the prime factors of 35624?
2, 61, 73
What are the prime factors of 92043?
3, 7, 487
What are the prime factors of 4403?
7, 17, 37
List the prime factors of 5772.
2, 3, 13, 37
List the prime factors of 360.
2, 3, 5
What are the prime factors of 14031?
3, 1559
List the prime factors of 3614.
2, 13, 139
What are the prime factors of 2119?
13, 163
What are the prime factors of 2125?
5, 17
List the prime factors of 17340.
2, 3, 5, 17
List the prime factors of 53801.
11, 67, 73
What are the prime factors of 41529?
3, 109, 127
What are the prime factors of 854?
2, 7, 61
What are the prime factors of 3307?
3307
What are the prime factors of 5780?
2, 5, 17
List the prime factors of 9376.
2, 293
List the prime factors of 3667.
19, 193
What are the prime factors of 22355?
5, 17, 263
What are the prime factors of 80143?
7, 107
List the prime factors of 8122.
2, 31, 131
What are the prime factors of 765?
3, 5, 17
What are the prime factors of 370?
2, 5, 37
What are the prime factors of 4884?
2, 3, 11, 37
What are the prime factors of 13264?
2, 829
List the prime factors of 1969.
11, 179
What are the prime factors of 951?
3, 317
What are the prime factors of 32212?
2, 8053
What are the prime factors of 59286?
2, 3, 41, 241
What are the prime factors of 20058?
2, 3, 3343
What are the prime factors of 41702?
2, 29, 719
What are the prime factors of 125185?
5, 25037
What are the prime factors of 51751?
7, 7393
List the prime factors of 4978.
2, 19, 131
List the prime factors of 371.
7, 53
What are the prime factors of 6352?
2, 397
What are the prime factors of 12815?
5, 11, 233
What are the prime factors of 45305?
5, 13, 17, 41
What are the prime factors of 28102?
2, 14051
What are the prime factors of 107276?
2, 13, 2063
List the prime factors of 84759.
3, 19, 1487
List the prime factors of 942.
2, 3, 157
What are the prime factors of 10323?
3, 31, 37
What are the prime factors of 20951?
7, 41, 73
List the prime factors of 926.
2, 463
What are the prime factors of 920?
2, 5, 23
List the prime factors of 38473.
79, 487
List the prime factors of 1441.
11, 131
What are the prime factors of 20058?
2, 3, 3343
What are the prime factors of 33325?
5, 31, 43
List the prime factors of 10559.
10559
List the prime factors of 4912.
2, 307
What are the prime factors of 2659?
2659
What are the prime factors of 2182?
2, 1091
List the prime factors of 946.
2, 11, 43
What are the prime factors of 1125?
3, 5
List the prime factors of 991.
991
What are the prime factors of 6925?
5, 277
List the prime factors of 1161.
3, 43
List the prime factors of 1975.
5, 79
What are the prime factors of 31210?
2, 5, 3121
What are the prime factors of 758?
2, 379
What are the prime factors of 13485?
3, 5, 29, 31
What are the prime factors of 8952?
2, 3, 373
What are the prime factors of 1957?
19, 103
What are the prime factors of 22475?
5, 29, 31
What are the prime factors of 56476?
2, 7, 2017
List the prime factors of 176989.
176989
List the prime factors of 10821.
3, 3607
List the prime factors of 93722.
2, 46861
List the prime factors of 7806.
2, 3, 1301
What are the prime factors of 4901?
13, 29
What are the prime factors of 136765?
5, 17, 1609
What are the prime factors of 13095?
3, 5, 97
What are the prime factors of 22458?
2, 3, 19, 197
What are the prime factors of 1516?
2, 379
List the prime factors of 1524.
2, 3, 127
List the prime factors of 139365.
3, 5, 19, 163
List the prime factors of 6605.
5, 1321
What are the prime factors of 1673?
7, 239
List the prime factors of 7846.
2, 3923
List the prime factors of 55091.
89, 619
List the prime factors of 46491.
3, 15497
What are the prime factors of 1793?
11, 163
What are the prime factors of 836?
2, 11, 19
What are the prime factors of 14973?
3, 7, 23, 31
List the prime factors of 5026.
2, 7, 359
List the prime factors of 4925.
5, 197
List the prime factors of 10581.
3, 3527
What are the prime factors of 708?
2, 3, 59
What are the prime factors of 40758?
2, 3, 6793
List the prime factors of 71253.
3, 7, 13, 29
List the prime factors of 3045.
3, 5, 7, 29
List the prime factors of 8345.
5, 1669
What are the prime factors of 2906?
2, 1453
What are the prime factors of 3787?
7, 541
What are the prime factors of 32?
2
What are the prime factors of 11694?
2, 3, 1949
List the prime factors of 233.
233
List the prime factors of 15377.
15377
List the prime factors of 2062.
2, 1031
What are the prime factors of 2261?
7, 17,